?
True
Is 9052512077 a composite number?
True
Is 13022851379 a composite number?
False
Is 2196518999 a prime number?
False
Is 52786212959 prime?
True
Is 3505069189 composite?
True
Is 333678867 composite?
True
Is 770340073 a prime number?
False
Is 46915958707 prime?
True
Is 2183942027 a composite number?
True
Is 2247980659 composite?
False
Is 1571620747 prime?
True
Is 8624136473 prime?
True
Is 850940065 prime?
False
Is 18468657947 a composite number?
True
Is 18372243533 a prime number?
False
Is 14877444571 a composite number?
True
Is 59573451481 a prime number?
True
Is 2244168083 composite?
False
Is 8358192071 composite?
True
Is 3059610769 a prime number?
True
Is 2479155793 a prime number?
True
Is 54374184503 composite?
True
Is 2267561447 a composite number?
False
Is 19250799055 a prime number?
False
Is 757668253 a composite number?
False
Is 10593113 prime?
True
Is 212358319 prime?
False
Is 2610388393 a composite number?
False
Is 591880033 a composite number?
True
Is 229985161 a prime number?
False
Is 3280385881 a composite number?
False
Is 2627894483 a prime number?
True
Is 30379264163 composite?
True
Is 1986192937 a composite number?
True
Is 112300323353 prime?
True
Is 6650163329 prime?
True
Is 276239531 composite?
True
Is 31282133161 prime?
False
Is 4100236115 prime?
False
Is 264056567 prime?
True
Is 282331313963 a prime number?
True
Is 4010652109 prime?
True
Is 7507013641 a prime number?
True
Is 332041051 a composite number?
True
Is 758171605 a composite number?
True
Is 13130776811 a prime number?
True
Is 116442357235 prime?
False
Is 7530105377 composite?
True
Is 183822819091 prime?
True
Is 263876591839 a prime number?
False
Is 128473496747 a composite number?
True
Is 56526153163 composite?
False
Is 5303392723 composite?
False
Is 59732816153 a prime number?
True
Is 1240635569 composite?
False
Is 37705247887 prime?
True
Is 402851341 a prime number?
False
Is 219337567 a composite number?
True
Is 75309229 prime?
True
Is 13501141 a composite number?
False
Is 801564487 a composite number?
False
Is 59525868839 a composite number?
False
Is 44494691015 a prime number?
False
Is 498393407 a composite number?
True
Is 8222784371 composite?
False
Is 63845328917 a prime number?
False
Is 17076454897 a prime number?
True
Is 937839937 prime?
False
Is 72361969187 composite?
True
Is 1067787659 composite?
True
Is 11638419043 composite?
True
Is 36233835403 prime?
False
Is 3061385747 prime?
False
Is 1502745149 a composite number?
False
Is 429658681 a composite number?
False
Is 5033331739 prime?
False
Is 2542085101 a composite number?
False
Is 1522152901 prime?
False
Is 234353418419 a composite number?
False
Is 363093169 a prime number?
True
Is 11450851331 prime?
False
Is 7438716185 prime?
False
Is 284173265 composite?
True
Is 8135297021 prime?
True
Is 4679174839 prime?
True
Is 5312884351 a composite number?
True
Is 48598286021 a prime number?
True
Is 14317747 a prime number?
False
Is 683316493 composite?
False
Is 1073682811 a prime number?
False
Is 1324839953 prime?
False
Is 2550027433 composite?
False
Is 9013447273 prime?
True
Is 16330941661 prime?
False
Is 308287957 a prime number?
True
Is 1962879371 a prime number?
False
Is 1505907469 a prime number?
False
Is 63362241049 a prime number?
True
Is 19459502159 prime?
True
Is 548969431 prime?
True
Is 307836889 a composite number?
False
Is 69653121503 a prime number?
False
Is 34523220949 composite?
True
Is 135780405155 a composite number?
True
Is 515301133 a prime number?
False
Is 2557764281 composite?
False
Is 915775783 a prime number?
False
Is 50618268949 composite?
True
Is 105251301769 a composite number?
False
Is 261856703 prime?
False
Is 32900809 a composite number?
False
Is 11430975091 a composite number?
True
Is 11251019762 a composite number?
True
Is 4568367019 prime?
False
Is 2950969039 a prime number?
False
Is 2875933897 a composite number?
True
Is 18279811937 a composite number?
True
Is 1238592281 a prime number?
True
Is 1512092749 a prime number?
False
Is 396212813 composite?
False
Is 22806983789 a prime number?
True
Is 64564374577 a prime number?
True
Is 28956724891 composite?
False
Is 4874861623 a prime number?
True
Is 12002146207 a composite number?
False
Is 7610100671 composite?
True
Is 8673870131 composite?
True
Is 31151093341 a composite number?
True
Is 419501447 composite?
True
Is 2746358669 a prime number?
True
Is 76034173 a prime number?
True
Is 88918934477 a composite number?
False
Is 855900407 prime?
True
Is 46687345693 composite?
True
Is 3978924689 a prime number?
True
Is 445191069835 a prime number?
False
Is 16889458307 a prime number?
False
Is 21718858951 a prime number?
True
Is 229946333207 a prime number?
True
Is 58889483 a composite number?
True
Is 33112193899 a composite number?
False
Is 219245043001 a prime number?
True
Is 4037320099 a composite number?
False
Is 5834055491 composite?
True
Is 481998263 prime?
False
Is 176684467 a composite number?
False
Is 945639257 a composite number?
True
Is 1984830559 a composite number?
False
Is 8651979559 a prime number?
True
Is 2204484449 a prime number?
True
Is 2180468063 composite?
True
Is 71098031 prime?
False
Is 55693109 composite?
True
Is 2818574327 a prime number?
True
Is 710179493 a prime number?
False
Is 60456235361 a prime number?
True
Is 26912258213 prime?
True
Is 99123473 prime?
False
Is 13329071453 a composite number?
False
Is 39464565109 prime?
True
Is 1031549 prime?
True
Is 4730657783 prime?
True
Is 177034217 prime?
True
Is 408706801 a composite number?
True
Is 1203506023 prime?
False
Is 667544387 composite?
True
Is 10426241039 a prime number?
True
Is 39087964541 a composite number?
False
Is 2562309119 a prime number?
True
Is 3739782049 a prime number?
True
Is 48876666409 prime?
False
Is 14729723341 a prime number?
True
Is 565290691 composite?
True
Is 2670080289 a prime number?
False
Is 6383101843 prime?
False
Is 6708172189 a composite number?
False
Is 104317741301 prime?
True
Is 2771695807 prime?
True
Is 81476621453 composite?
False
Is 3975560782 a prime number?
False
Is 24947495695 composite?
True
Is 1383602669 prime?
False
Is 4408419247 composite?
False
Is 402141853 a prime number?
False
Is 496846463 prime?
False
Is 2060350763 prime?
True
Is 1609157879 prime?
False
Is 1196524237 a prime number?
False
Is 603831797 a prime number?
True
Is 24126187391 prime?
True
Is 424502593 composite?
False
Is 814099579 a prime number?
False
Is 218618063 a composite number?
True
Is 1131751879 a composite number?
True
Is 1375647073 a prime number?
True
Is 75383342035 prime?
False
Is 122020839173 composite?
True
Is 190093243 a composite number?
True
Is 2431155937 a composite number?
True
Is 364519929421 prime?
False
Is 42963503237 a prime number?
True
Is 4879972223 a composite number?
True
Is 7666363303 prime?
True
Is 35984843317 a composite number?
False
Is 3414033109 composite?
True
Is 2690701901 a composite number?
True
Is 591905731 a prime number?
False
Is 6875710549 composite?
False
Is 1705371373 prime?
False
Is 32976190061 prime?
True
Is 8359335833 a composite number?
False
Is 349923611 a prime number?
True
Is 7248785807 a composite number?
False
Is 523187741 composite?
True
Is 184801991 prime?
False
Is 112963385287 a prime number?
True
Is 7015946813 prime?
False
Is 56268636451 composite?
False
Is 151247723 composite?
True
Is 11877866761 a composite number?
False
Is 1496739589 composite?
True
Is 2902173179 prime?
True
Is 921355697 prime?
True
Is 4592375401 a composite number?
False
Is 486092069 composite?
True
Is 27486448127 composite?
True
Is 946911613 prime?
True
Is 2694269003 a composite number?
False
Is 663429337 composite?
False
Is 3123069761 a prime number?
False
Is 6137279 a prime number?
True
Is 396416831 prime?
True
Is 329067947843 composite?
False
Is 14706845887 a composite number?
False
Is 20645530627 prime?
True
Is 203265533 prime?
False
Is 14774591347 composite?
True
Is 284963747 a prime number?
True
Is 4541263387 prime?
True
Is 515631229 a composite number?
False
Is 58254136741 composite?
False
Is 851617073 a composite number?
True
Is 45918029029 a composite number?
True
Is 167401961 a prime number?
True
Is 9110585791 a composite number?
False
Is 236865053 prime?
False
Is 43554833353 a composite number?
False
Is 398369423 co